{"id":199,"date":"2025-03-11T17:52:07","date_gmt":"2025-03-11T15:52:07","guid":{"rendered":"https:\/\/gymi.fi\/www\/?page_id=199"},"modified":"2025-03-13T14:47:21","modified_gmt":"2025-03-13T12:47:21","slug":"tunnit","status":"publish","type":"page","link":"https:\/\/gymi.fi\/www\/tunnit\/","title":{"rendered":"Tunnit"},"content":{"rendered":"\n<h2 class=\"wp-block-heading\"><strong>Gymi tunnit <\/strong><\/h2>\n\n\n\n<p>Gymin tunnit toteutetaan opetussuunnitelman eli Gymin k\u00e4sikirjan mukaan. Tuntisis\u00e4ll\u00f6t ovat lapsen ja nuoren i\u00e4n ja kehitystason mukaisesti suunniteltuja. Monipuoliset harjoitteet sek\u00e4 turvallinen ja kannustava ilmapiiri motivoivat harjoitteluun ja tekev\u00e4t treenist\u00e4 hauskaa. Herkkyyskausien mukainen harjoittelu ja taitojen opettelu vaiheittain oikeassa j\u00e4rjestyksess\u00e4 ja i\u00e4n mukaiselle tavalla takaavat oppimisen sek\u00e4 positiivisen kokemuksen. Harjoituksissa opitaan motorisia taitoja, ja samalla huomaamatta kehittyv\u00e4t voima, liikkuvuus, ketteryys, tasapaino ja koordinaatio. Siis kunto kasvaa ja taidot karttuvat. Gymin pedagogiikan keskeisen\u00e4 tavoitteena on sis\u00e4isen motivaation synnytt\u00e4minen, jotta gymil\u00e4isen aktiivinen el\u00e4m\u00e4ntapa ja halu oppia uutta s\u00e4ilyisiv\u00e4t l\u00e4pi el\u00e4m\u00e4n. Aitous, luonnollisuus, inhimillisyys, j\u00e4rki ja syd\u00e4n ohjaavat toimintaamme, miss\u00e4 luonnollinen liike, hengitt\u00e4minen ja ihmisten v\u00e4linen kanssak\u00e4yminen ovat keski\u00f6ss\u00e4. Gymill\u00e4 ei painoteta ulkoista palautetta vaan luodaan sis\u00e4isen motivaation syntymiselle otollinen ilmapiiri ja harjoitusolosuhteet.<\/p>\n\n\n\n<p>Gymi -tunteja voi ohjata lisensoitu Gymi-ohjaaja, joka kuuluu <a href=\"https:\/\/gymi.fi\/koulutus\/heimo\/\">Gymi Heimoon<\/a>. Tunteja voi pit\u00e4\u00e4 joko Gymi-toimipisteess\u00e4 tai miss\u00e4 tahansa muussa toimintaymp\u00e4rist\u00f6ss\u00e4 kuten koulussa, p\u00e4iv\u00e4kodissa, seura- tai kerhotoiminnassa, hotellissa tai liikuntakeskuksessa.<\/p>\n\n\n\n<p>Jokainen Gymi-tunti koostuu alkuverryttelyst\u00e4, rataosuudesta ja loppuverryttelyst\u00e4.<\/p>\n\n\n\n<p>* Alkuverryttelyosuudessa painotetaan eri ominaisuuksien ja taitojen kehitt\u00e4mist\u00e4 \u2013 aina harjoitusjaksosta riippuen. Alkuverryttelyosiot sis\u00e4lt\u00e4v\u00e4t kehonhallinta-, voima-, liikkuvuus-, nopeus- ja reaktioharjoitteita. Alle kouluik\u00e4iset juoksevat seikkailemaan eri puolille maailmaa ja tekev\u00e4t harjoitteita mielikuvien avulla; kouluik\u00e4iset leikkiv\u00e4t paljon mm. hippa- ja reaktioleikkej\u00e4.<\/p>\n\n\n\n<p>* Rataosuus on kiertoharjoittelua teline- ja v\u00e4lineradalla. Rataosuudessa painotetaan temppujen ja taitojen oppimista samalla kehitt\u00e4en ennenkaikkea t\u00e4rkeit\u00e4 tasapainotaitoja sek\u00e4&nbsp;koordinaatiota.<\/p>\n\n\n\n<p>* Loppuverryttely sovelletaan \u2013 kuten kaikki muutkin harjoituksen osa-alueet \u2013 ik\u00e4tasolle sopivaksi. Sykkeen noston lis\u00e4ksi loppuverryttelyss\u00e4 painotetaan kehonhallinnan ja liikkuvuuden kehitt\u00e4mist\u00e4 sek\u00e4 rentoutumista. Liikkuvuuden kehitt\u00e4miseksi tehd\u00e4\u00e4n usein el\u00e4injoogaliikkeit\u00e4 ja pieni\u00e4 joogasarjoja.<\/p>\n\n\n\n<p>Gymin tunneilla ryhm\u00e4koko on alle 6-vuotiailla maksimissaan 12 lasta ja yli 6-vuotiailla maksimissaan 15 lasta per ohjaaja. Gymill\u00e4 tilassa harjoittelee yksi ryhm\u00e4 kerrallaan. Ryhm\u00e4\u00e4 ohjaa aina koulutettu&nbsp;ohjaaja, joka luo turvallisen harjoitteluilmapiirin. Jokainen harjoittelee omalla tasollaan ja omien tavoitteiden mukaisesti ohjaajan eriytt\u00e4ess\u00e4 harjoituksia tarpeen mukaan.<\/p>\n\n\n\n<p>Gymin&nbsp;lukuj\u00e4rjestyksist\u00e4 l\u00f6ytyy&nbsp;niin ei-ohjattuja omaharjoittelutunteja nimell\u00e4 Gymi Family tai Gymi Free kuin ohjattuja tunteja kuten Gymi\u00ae, Gymi Parkour &amp; Freerunning, Gymi Circus&amp;Acro (sirkus ja akrobatia) ja Gymi Gymnastics (telinevoimistelu) -tunnit eri ik\u00e4ryhmille taaperoista aikuisiin. Alla l\u00f6ytyy lis\u00e4\u00e4 tietoa eri ik\u00e4ryhmien tunneista.<\/p>\n\n\n\n<p>Erityislapset integroidaan toimintaan mahdollisuuksien mukaan. My\u00f6s erityisryhmi\u00e4 muodostetaan tarvittaessa ja toiveiden mukaan. Erityist\u00e4 tukea tarvitsevan lapsen vanhempi tai muu tukihenkil\u00f6 osallistuu tarvittaessa lapsen kanssa tunnille.&nbsp;<\/p>\n\n\n\n<p>Osallistujat eiv\u00e4t ole vakuutettuja Gymin&nbsp;puolesta.<\/p>\n\n\n\n<p>Kurkkaa juttuja blogeista: <a href=\"https:\/\/valeaiti.fi\/kokemuksia-gymi-tunneista-ja-syysleirista\/\">Vale\u00e4iti<\/a>&nbsp;, <a href=\"https:\/\/riikanblogi.fi\/gymi-taydellinen-liikuntaharrastus-lapselle\/\">Riikan blogi<\/a><\/p>\n\n\n\n<h2 class=\"wp-block-heading\"><strong>1-6v lasten tunnit &#8211; motorisia perustaitoja, voimistelua, parkouria, sirkusta<\/strong><\/h2>\n\n\n\n<p>1-6-vuotiaille lapsille Gymill\u00e4 on tarjolla ohjattuja tunteja sek\u00e4 Gymi Family -vapaaharjoittelutunti, miss\u00e4 ei ole ohjausta. Alle 5-vuotiaille suositellaan tunteja, miss\u00e4 oma aikuinen on viel\u00e4 mukana. T\u00e4m\u00e4 yhteinen harjoitus antaa lapselle mahdollisuuden entist\u00e4 parempaan itsetunnon ja itsetuntemuksen kehittymiseen sek\u00e4 luo eritt\u00e4in turvallisen harjoitusymp\u00e4rist\u00f6n oman aikuisen ollessa viel\u00e4 mukana. Kaikki alle 4-vuotiaat harjoittelevat Gymill\u00e4 viel\u00e4 oman aikuisen kanssa; 5-6-vuotiaat harjoittelevat p\u00e4\u00e4s\u00e4\u00e4nt\u00f6isesti jo ilman omaa aikuista.<\/p>\n\n\n\n<p><strong>Gymi Family -tunnilla<\/strong>&nbsp;k\u00e4yd\u00e4\u00e4n liikkumassa, leikkim\u00e4ss\u00e4 ja harjoittelemassa oman aikuisen kanssa. Gymi Family -tunti&nbsp;ei ole ohjattu tunti. Gymi Family&nbsp;on omaharjoittelutunti, miss\u00e4 p\u00e4\u00e4see temppuilemaan oman tahtonsa ja taitojensa mukaan. Paikalla oleva henkil\u00f6kunta&nbsp;kertoo aina, mitk\u00e4 radat tai v\u00e4lineet ja mik\u00e4 osa salista on milloinkin k\u00e4yt\u00f6ss\u00e4. Gymi Family -tunti sopii kaikenik\u00e4isten omatoimiseen harjoitteluun. Kaikki alaik\u00e4iset harjoittelevat tunnilla oman aikuisen valvonnassa.<\/p>\n\n\n\n<p><strong>Gymi\u00ae \u2013tunnit 1-6-vuotiaille <\/strong>ovat monipuolisia ohjattuja toiminnallisen harjoittelun tunteja, joiden kesto on 30-45 minuuttia. Gymi<strong>\u00ae<\/strong>&nbsp;-tunnit perustuvat pitk\u00e4lti voimisteluun ja niin sanottuun luonnolliseen liikkeeseen (natural movement \/ parkour). Tunnit&nbsp;sis\u00e4lt\u00e4v\u00e4t monipuolisia motoriikkaa ja taitoja kehitt\u00e4vi\u00e4 harjoitteita telineill\u00e4 ja ilman. Hauskassa harjoituksessa kehittyv\u00e4t t\u00e4rke\u00e4t tasapaino-, liikkumis- ja&nbsp; k\u00e4sittelytaidot kuten juoksu, hypp\u00e4\u00e4minen, kiipeily, riippuminen, heilunta, kieriminen, py\u00f6riminen, heitto, kiinniotto ja potkaiseminen. Tuntien teemat vaihtelevat kolmen viikon jaksoissa. Alle kouluik\u00e4iset matkustavat kaikissa treenijaksoissa ymp\u00e4ri maailmaa ja mielikuvitusteemat vaihtelevat samoin kuin liikunnalliset teemat.<\/p>\n\n\n\n<p>Vuoden aikana harjoitellaan&nbsp;ik\u00e4tason mukaisella tavalla liikunnallisia perustaitoja, sirkustelua, akrobatiaa, parkouria, nassikkapainia, itsepuolustuslajeista tuttuja liikkeit\u00e4 ja voimistelua. Gymi<strong>\u00ae<\/strong>&nbsp;-tunnilla ollaan aina ik\u00e4tason mukaisella telineradalla. K\u00e4yt\u00f6ss\u00e4 ovat mm. renkaat, rekki, puomit, trampoliinit, kiipeilyv\u00e4lineet, nojapuut, matot ja pehme\u00e4t moduulit. Lis\u00e4ksi harjoituksissa k\u00e4ytet\u00e4\u00e4n v\u00e4lineit\u00e4 kuten pallot, hernepussit, hyppynarut ja tasapainolaudat. Gymi<strong>\u00ae<\/strong>&nbsp;-tunnilla opitut taidot ovat t\u00e4rkeit\u00e4 ihan jokaiselle. Gymill\u00e4 luodaan&nbsp;pohja liikunnalliselle el\u00e4m\u00e4ntavalle tai mahdolliselle tulevalle urheilijan uralle samalla kun&nbsp;pohjustetaan&nbsp;hermosto kognitiiviselle oppimiselle.<\/p>\n\n\n\n<p>5-7-vuotiaille l\u00f6ytyy lukuj\u00e4rjestyksest\u00e4&nbsp; Gymi-tunnin lis\u00e4ksi mm. Gymi Warrior, Gymi Combat, Gymi Ballet ja Gymi Street -nimisi\u00e4 tunteja. Tunnit ovat yht\u00e4lailla monipuolisia motoristen perustaitojen harjoituksia, miss\u00e4 on nimens\u00e4 mukainen verryttelyosuus. Esimerkiksi Gymi Street -tunti sis\u00e4lt\u00e4\u00e4 siis pienen katutanssiosuuden tai Gymi Ballet pienen balettiosuuden, mutta suurin osa tunnista ollaan kuitenkin lasten rakastamalla temppuradalla.<\/p>\n\n\n\n<figure class=\"wp-block-embed is-type-video is-provider-vimeo wp-block-embed-vimeo wp-embed-aspect-16-9 wp-has-aspect-ratio\"><div class=\"wp-block-embed__wrapper\">\n<iframe loading=\"lazy\" title=\"Gymi Vinkki-classes\" src=\"https:\/\/player.vimeo.com\/video\/55838642?dnt=1&amp;app_id=122963\" width=\"640\" height=\"360\" frameborder=\"0\" allow=\"autoplay; fullscreen; picture-in-picture; clipboard-write; encrypted-media\"><\/iframe>\n<\/div><\/figure>\n\n\n\n<h2 class=\"wp-block-heading\"><strong>7-12v lasten tunnit &#8211; voimistelua, parkouria, akrobatiaa ja sirkusta<\/strong><\/h2>\n\n\n\n<p>7-12-vuotiaille lapsille l\u00f6ytyy Gymin lukuj\u00e4rjestyksest\u00e4 45-60 minuuttia kest\u00e4vi\u00e4 ohjattuja tunteja: mm. <strong>Gymi\u00ae, Gymi Parkour, Gymi Circus&amp;Acro (sirkus ja akrobatia) ja Gymi Gymnastics (voimistelu)<\/strong><\/p>\n\n\n\n<p>Ilman ohjausta p\u00e4\u00e4see harjoittelemaan oman perheen kesken <strong>Gymi<\/strong> <strong>Family&nbsp;<\/strong>-tunneilla.&nbsp;Tunnilla p\u00e4\u00e4sev\u00e4t treenaamaan niin aikuiset kuin lapset. Lapset harjoittelevat Gymi Family -tunnilla oman aikuisen kanssa.<\/p>\n\n\n\n<p><strong>Gymi AfterSchool<\/strong> -iltap\u00e4iv\u00e4kerhoryhmi\u00e4 muodostetaan tarpeen mukaan. Kyseleth\u00e4n meilt\u00e4 iltap\u00e4iv\u00e4kerhosta, kun sinulla on valmis kaveriporukka, joka kaipaa rauhallista liikunnallista iltap\u00e4iv\u00e4kerhoa? Aktiivinen iltap\u00e4iv\u00e4 on mahdollista my\u00f6s osallistumalla Gymin iltap\u00e4iv\u00e4tunneille.<\/p>\n\n\n\n<p><strong>Gymi\u00ae \u2013tunnit<\/strong> ovat ohjattuja toiminnallisen harjoittelun tunteja, joiden kesto on 45-60 minuuttia. Gymi<strong>\u00ae<\/strong> -tunnit perustuvat pitk\u00e4lti voimisteluun ja niin sanottuun luonnolliseen liikkeeseen eli parkouriin. Gymi<strong>\u00ae<\/strong> -tunnit sis\u00e4lt\u00e4v\u00e4t monipuolisia motoriikkaa ja taitoja kehitt\u00e4vi\u00e4 harjoitteita telineill\u00e4 ja ilman. Tuntien teemat vaihtelevat kolmen viikon jaksoissa. Jokainen p\u00e4\u00e4see oppimaan taitoja omien tavoitteiden ja kykyjen mukaan. Vuoden aikana harjoitellaan ik\u00e4tason mukaisella tavalla mm. sirkustelua, akrobatiaa, parkouria ja voimistelua. Ohjelmassa vuoden aikana my\u00f6s mm. <strong>Taitoo\u00ae -volttikoulua ja -k\u00e4ss\u00e4rikoulua.&nbsp;<\/strong> K\u00e4yt\u00f6ss\u00e4 ovat mm. renkaat, rekki, puomit, trampoliinit, tanko, rengastrapetsi, liina, matot ja pehme\u00e4t moduulit. Lis\u00e4ksi harjoituksissa k\u00e4ytet\u00e4\u00e4n v\u00e4lineit\u00e4 kuten pallot, diabolat, hyppynarut, sirkusv\u00e4lineet ja tasapainolaudat. Hauskassa treeniss\u00e4 kehittyy niin tasapaino- ja liikkumistaidot kuin voima, liikkuvuus, kehonhallinta ja koordinaatio. Gymi<strong>\u00ae<\/strong>&nbsp;-tunnilla harjoiteltavat taidot ovat t\u00e4rkeit\u00e4 ihan jokaiselle. Gymill\u00e4 luodaan&nbsp;pohja liikunnalliselle el\u00e4m\u00e4ntavalle tai mahdolliselle tulevalle urheilijan uralle.<\/p>\n\n\n\n<p><strong>Gymin Parkour, Circus&amp;Acro ja Gymnastics tunnit<\/strong>&nbsp;kest\u00e4v\u00e4t yleens\u00e4 45-60 minuuttia sis\u00e4lt\u00e4en monipuolisesti motoriikkaa kehitt\u00e4vien harjoitteiden lis\u00e4ksi kyseiselle tunnille ominaista taitoharjoittelua. Tunneilla telineet ja v\u00e4lineet ovat&nbsp;monipuolisessa k\u00e4yt\u00f6ss\u00e4; renkaat, rekki, puomi, nojapuut, trampoliinit, tangot, rengastrapetsi, puolapuut, liina, hyppynarut, pallot, diabolat, sirkusv\u00e4lineet ja tasapainolaudat. Hauskassa treeniss\u00e4 kehittyv\u00e4t niin tasapaino ja temput&nbsp;kuin voima, liikkuvuus, kehonhallinta ja koordinaatio.<\/p>\n\n\n\n<p><strong>Parkour&nbsp;<\/strong>-tunneilla harjoitellaan katulajin temppuja ja luonnollista liikkumista esteiden ali, yli ja l\u00e4pi \u2013 onhan parkour nimenomaan luonnollista liikett\u00e4 olemassa olevassa ymp\u00e4rist\u00f6ss\u00e4. Samoja harjoitteita tehd\u00e4\u00e4n Gymi-tunneilla. Gymi Parkour -tunneilla painotetaan monipuolista kehon harjoittamista, jotta vaikeammatkin temput opitaan oikein ja turvallisesti. Gymin parkour-tunneilla p\u00e4\u00e4st\u00e4\u00e4n my\u00f6s harjoittelemaan voltteja ja saadaan monipuolisuutta streetworkout-tyyppisist\u00e4 harjoitteista. <strong>Circus&amp;Acro&nbsp;<\/strong>-tunneilla monipuolisen kehonhallintaharjoittelun lis\u00e4ksi painotetaan permantoakrobatiaa (kuperkeikoista l\u00e4htien) sek\u00e4 ilma-akrobatiaa tangolla, liinoilla ja rengastrapetsilla. Sirkus- ja akrobatiatunnilla tehd\u00e4\u00e4n my\u00f6s pariakrobatiaa ja harjoitellaan erilaisten sirkusv\u00e4lineiden k\u00e4sittely\u00e4 kuten jongl\u00f6\u00f6rausta palloilla ja temppuja diabolalla. <strong>Gymnastics&nbsp;<\/strong>-tunti on telinevoimistelutunti, miss\u00e4 erona muihin tunteihin on painotus telinevoimistelutaitoihin ja pienten voimistelusarjojen tekeminen.<\/p>\n\n\n\n<p>Gymi-tunneille ei ole taito- tai kokemusvaatimuksia, vaan tunneille p\u00e4\u00e4see osallistumaan kaikki halukkaat. Harjoittelua eriytet\u00e4\u00e4n tarpeen mukaan, jotta kaikille saadaan sopiva treeni.<\/p>\n\n\n\n<h2 class=\"wp-block-heading\"><strong>13-16v nuorten tunnit &#8211; voimistelua, parkouria, akrobatiaa ja sirkusta<\/strong><\/h2>\n\n\n\n<p>13-16-vuotaille nuorille l\u00f6ytyy Gymin lukuj\u00e4rjestyksest\u00e4 erilaisia ohjattuja tunteja. Omaehtoiseen treeniin p\u00e4\u00e4see <strong>Gymi<\/strong> <strong>Family<\/strong> -vapaaharjoittelutunneilla.<\/p>\n\n\n\n<p><strong>Gymi\u00ae \u2013tunnit<\/strong> ovat ohjattuja toiminnallisen harjoittelun tunteja, joiden kesto on 45-60 minuuttia. Gymi\u00ae&nbsp;-tunnit perustuvat pitk\u00e4lti telinevoimisteluun ja niin sanottuun luonnolliseen liikkeeseen eli parkouriin. Gymi<strong>\u00ae<\/strong> -tunnit sis\u00e4lt\u00e4v\u00e4t monipuolisia motoriikkaa ja taitoja kehitt\u00e4vi\u00e4 harjoitteita telineill\u00e4 ja ilman. Tuntien teemat vaihtelevat kolmen viikon jaksoissa. Jokainen p\u00e4\u00e4see harjoittelemaan&nbsp;taitoja omien tavotteiden ja kykyjen mukaan. Vuoden aikana harjoitellaan mm. sirkusta, akrobatiaa, parkouria, street workoutia ja telinevoimistelua. K\u00e4yt\u00f6ss\u00e4 ovat mm. renkaat, rekki, puomit, trampoliinit, rengastrapetsi, tanko, liina, nojapuut, matot ja pehme\u00e4t moduulit. Lis\u00e4ksi k\u00e4yt\u00f6ss\u00e4 on v\u00e4lineit\u00e4 kuten pallot, diabolat, keilat, hyppynarut, sirkusv\u00e4lineet ja tasapainolaudat. Hauskassa treeniss\u00e4 kehittyy niin tasapaino ja taidot kuin voima, liikkuvuus, kehonhallinta ja koordinaatio. Gymi<strong>\u00ae<\/strong>&nbsp;-tunnilla harjoiteltavat taidot ovat jokaiselle t\u00e4rkeit\u00e4; ne luovat pohjan liikunnalliselle el\u00e4m\u00e4ntavalle tai mahdolliselle tulevalle urheilijan uralle.<\/p>\n\n\n\n<p><strong>Gymin Parkour &amp; Freerunning, Circus&amp;Acro ja Gymnastics -tunnit <\/strong>kest\u00e4v\u00e4t yleens\u00e4 55-60 minuuttia sis\u00e4lt\u00e4en monipuolisesti motoriikkaa kehitt\u00e4vien harjoitteiden lis\u00e4ksi kyseiselle tunnille ominaista taitoharjoittelua. My\u00f6s n\u00e4ill\u00e4 tunneilla k\u00e4ytet\u00e4\u00e4n monipuolisesti eri telineit\u00e4 (renkaat, rekki, puomi, nojapuut, trampoliinit jne.) sek\u00e4 v\u00e4lineit\u00e4 kuten hyppynarut, pallot, diabolat ja tasapainolaudat. Hauskassa treeniss\u00e4 kehittyy niin tasapaino ja taidot kuin voima, liikkuvuus, kehonhallinta ja koordinaatio.<\/p>\n\n\n\n<figure class=\"wp-block-embed is-type-video is-provider-vimeo wp-block-embed-vimeo wp-embed-aspect-16-9 wp-has-aspect-ratio\"><div class=\"wp-block-embed__wrapper\">\n<iframe loading=\"lazy\" title=\"Gymi Gymnastics\" src=\"https:\/\/player.vimeo.com\/video\/55838899?dnt=1&amp;app_id=122963\" width=\"640\" height=\"360\" frameborder=\"0\" allow=\"autoplay; fullscreen; picture-in-picture; clipboard-write; encrypted-media\"><\/iframe>\n<\/div><\/figure>\n\n\n\n<p><strong>Parkour &amp; Freerunning <\/strong>-tunneilla harjoitellaan katulajin temppuja ja luonnollista liikkumista esteiden ali, yli ja l\u00e4pi \u2013 onhan parkour nimenomaan luonnollista liikett\u00e4 olemassa olevassa ymp\u00e4rist\u00f6ss\u00e4. Gymi Parkour -tunneilla painotetaan monipuolista kehon harjoittamista, jotta vaikeammatkin temput opitaan oikein ja turvallisesti. Gymin parkour-tunneilla p\u00e4\u00e4st\u00e4\u00e4n my\u00f6s harjoittelemaan voltteja ja saadaan monipuolisuutta streetworkout-tyyppisist\u00e4 harjoitteista.<\/p>\n\n\n\n<p><strong>Circus<\/strong>&#8211; ja <strong>Acro&nbsp;<\/strong>-tunneilla monipuolisen kehonhallintaharjoittelun lis\u00e4ksi painotetaan permantoakrobatiaa (kuperkeikoista l\u00e4htien) sek\u00e4 ilma-akrobatiaa tangolla, liinoilla ja rengastrapetsilla ja sirkusv\u00e4lineiden k\u00e4sittelytaitoja. <strong>Gymnastics&nbsp;<\/strong>-tunti on telinevoimistelutunti, miss\u00e4 erona muihin tunteihin on painotus telinevoimistelutaitoihin ja pienten voimistelusarjojen tekeminen.<\/p>\n\n\n\n<p><strong>FREE-VAPAAHARJOITTELUTUNNIT<\/strong>&nbsp;ovat suunnattu yli 13-vuotiaille nuorille ja aikuisille. Ik\u00e4rajat eiv\u00e4t kuitenkaan koskaan Gymill\u00e4 ole ehdottomia. Tunnille otetaan aina max 8-15 treenaajaa kerrallaan, riippuen salista. Gymin tunneille ei ole taito- tai kokemusvaatimuksia, vaan tunneille p\u00e4\u00e4see osallistumaan kaikki halukkaat. Harjoittelua eriytet\u00e4\u00e4n tarpeen mukaan, jotta kaikille saadaan sopiva treeni.<\/p>\n\n\n\n<figure class=\"wp-block-embed is-type-video is-provider-vimeo wp-block-embed-vimeo wp-embed-aspect-16-9 wp-has-aspect-ratio\"><div class=\"wp-block-embed__wrapper\">\n<iframe loading=\"lazy\" title=\"Gymi Parkour\" src=\"https:\/\/player.vimeo.com\/video\/55838641?dnt=1&amp;app_id=122963\" width=\"640\" height=\"360\" frameborder=\"0\" allow=\"autoplay; fullscreen; picture-in-picture; clipboard-write; encrypted-media\"><\/iframe>\n<\/div><\/figure>\n\n\n\n<h2 class=\"wp-block-heading\"><strong>16-99v aikuisten tunnit &#8211; voimistelua, parkouria, akrobatiaa ja sirkusta<\/strong><\/h2>\n\n\n\n<p>Yli 16-vuotiaille nuorille ja aikuisille Gymilt\u00e4 l\u00f6ytyy kunnon poweria hauskasta treenist\u00e4! Lukuj\u00e4rjestyksest\u00e4 tunnit l\u00f6ytyv\u00e4t vihre\u00e4ll\u00e4 v\u00e4rill\u00e4. Harjoittelu Gymill\u00e4 on erilaista kuin tavanomaisella kuntosalilla. Pienryhmiss\u00e4 jokainen saa osansa opetuksesta ja jokainen kehittyy liikunnallisissa taidoissaan omalla tasollaan. Tavoitteekseen voi asettaa liikkuvuuden kehitt\u00e4misen, kunnon kohotuksen tai vaikkapa voltin oppimisen. Jokainen harjoittelee omien tavoitteidensa mukaisesti. Voima, liikkuvuus, ketteryys, tasapaino ja koordinaatio kehittyv\u00e4t voimistellessa ja parkouratessa huomaamatta ja hauskasti. Ei ole olemassa parempaa tunnetta kuin uuden oppiminen ja itsens\u00e4 voittaminen!<\/p>\n\n\n\n<figure class=\"wp-block-embed is-type-video is-provider-youtube wp-block-embed-youtube wp-embed-aspect-16-9 wp-has-aspect-ratio\"><div class=\"wp-block-embed__wrapper\">\n<iframe loading=\"lazy\" title=\"GYMi Aikuisvinkki\" width=\"640\" height=\"360\" src=\"https:\/\/www.youtube.com\/embed\/87F7xffEYnA?feature=oembed\" frameborder=\"0\" allow=\"accelerometer; autoplay; clipboard-write; encrypted-media; gyroscope; picture-in-picture; web-share\" referrerpolicy=\"strict-origin-when-cross-origin\" allowfullscreen><\/iframe>\n<\/div><\/figure>\n","protected":false},"excerpt":{"rendered":"<p>Gymi tunnit Gymin tunnit toteutetaan opetussuunnitelman eli Gymin k\u00e4sikirjan mukaan. Tuntisis\u00e4ll\u00f6t ovat lapsen ja nuoren i\u00e4n ja kehitystason mukaisesti suunniteltuja. [&hellip;]<\/p>\n","protected":false},"author":1,"featured_media":30,"parent":0,"menu_order":0,"comment_status":"closed","ping_status":"closed","template":"","meta":{"footnotes":""},"class_list":["post-199","page","type-page","status-publish","has-post-thumbnail","hentry"],"_links":{"self":[{"href":"https:\/\/gymi.fi\/www\/wp-json\/wp\/v2\/pages\/199","targetHints":{"allow":["GET"]}}],"collection":[{"href":"https:\/\/gymi.fi\/www\/wp-json\/wp\/v2\/pages"}],"about":[{"href":"https:\/\/gymi.fi\/www\/wp-json\/wp\/v2\/types\/page"}],"author":[{"embeddable":true,"href":"https:\/\/gymi.fi\/www\/wp-json\/wp\/v2\/users\/1"}],"replies":[{"embeddable":true,"href":"https:\/\/gymi.fi\/www\/wp-json\/wp\/v2\/comments?post=199"}],"version-history":[{"count":3,"href":"https:\/\/gymi.fi\/www\/wp-json\/wp\/v2\/pages\/199\/revisions"}],"predecessor-version":[{"id":302,"href":"https:\/\/gymi.fi\/www\/wp-json\/wp\/v2\/pages\/199\/revisions\/302"}],"wp:featuredmedia":[{"embeddable":true,"href":"https:\/\/gymi.fi\/www\/wp-json\/wp\/v2\/media\/30"}],"wp:attachment":[{"href":"https:\/\/gymi.fi\/www\/wp-json\/wp\/v2\/media?parent=199"}],"curies":[{"name":"wp","href":"https:\/\/api.w.org\/{rel}","templated":true}]}}