{"id":438,"date":"2018-07-17T12:59:00","date_gmt":"2018-07-17T12:59:00","guid":{"rendered":"https:\/\/gymi.fi\/shop\/?post_type=product&#038;p=438"},"modified":"2023-10-08T13:57:57","modified_gmt":"2023-10-08T13:57:57","slug":"joogaliina-2","status":"publish","type":"product","link":"https:\/\/gymi.fi\/shop\/sv\/tuote\/joogaliina-2\/","title":{"rendered":"Aerial Yoga Hammock"},"content":{"rendered":"<p>Det ljuvliga yoga tyget i fyra olika f\u00e4rg:<\/p>\n<ul>\n<li>bl\u00e5<\/li>\n<li>gr\u00e5<\/li>\n<li>vit<\/li>\n<li>svart<\/li>\n<\/ul>\n<p>Yoga tyget passar bra s\u00e5 v\u00e4l till hemmet som till jobbet, skolan eller daghemmet. Tyget \u00e4r en plats f\u00f6r vila eller yoga \u00f6vningar.<\/p>\n<p>M\u00e5tt: 6 m x 2,8 m<\/p>\n<p>Krokar till taket k\u00f6per du skilt.<\/p>","protected":false},"excerpt":{"rendered":"<p>Det ljuvliga yoga tyget i fyra olika f\u00e4rg: bl\u00e5 gr\u00e5 vit svart Yoga tyget passar bra s\u00e5 v\u00e4l till hemmet som till jobbet, skolan eller daghemmet. Tyget \u00e4r en plats f\u00f6r vila eller yoga \u00f6vningar. M\u00e5tt: 6 m x 2,8 m Krokar till taket k\u00f6per du skilt.<\/p>\n","protected":false},"featured_media":599,"template":"","meta":[],"product_cat":[147],"product_tag":[114,112,113,132],"_links":{"self":[{"href":"https:\/\/gymi.fi\/shop\/sv\/wp-json\/wp\/v2\/product\/438"}],"collection":[{"href":"https:\/\/gymi.fi\/shop\/sv\/wp-json\/wp\/v2\/product"}],"about":[{"href":"https:\/\/gymi.fi\/shop\/sv\/wp-json\/wp\/v2\/types\/product"}],"wp:featuredmedia":[{"embeddable":true,"href":"https:\/\/gymi.fi\/shop\/sv\/wp-json\/wp\/v2\/media\/599"}],"wp:attachment":[{"href":"https:\/\/gymi.fi\/shop\/sv\/wp-json\/wp\/v2\/media?parent=438"}],"wp:term":[{"taxonomy":"product_cat","embeddable":true,"href":"https:\/\/gymi.fi\/shop\/sv\/wp-json\/wp\/v2\/product_cat?post=438"},{"taxonomy":"product_tag","embeddable":true,"href":"https:\/\/gymi.fi\/shop\/sv\/wp-json\/wp\/v2\/product_tag?post=438"}],"curies":[{"name":"wp","href":"https:\/\/api.w.org\/{rel}","templated":true}]}}

<p>Det ljuvliga yoga tyget i fyra olika färg:</p>
<ul>
<li>blå</li>
<li>grå</li>
<li>vit</li>
<li>svart</li>
</ul>
<p>Yoga tyget passar bra så väl till hemmet som till jobbet, skolan eller daghemmet. Tyget är en plats för vila eller yoga övningar.</p>
<p>Mått: 6 m x 2,8 m</p>
<p>Krokar till taket köper du skilt.</p>

<p>Det ljuvliga yoga tyget i fyra olika färg: blå grå vit svart Yoga tyget passar bra så väl till hemmet som till jobbet, skolan eller daghemmet. Tyget är en plats för vila eller yoga övningar. Mått: 6 m x 2,8 m Krokar till taket köper du skilt.</p>
